?
-2
Let p(y) = -9*y + 109. Determine p(17).
-44
Let f(a) = a**3 + a**2 - 14*a + 35. Calculate f(4).
59
Let v(z) = -10*z + 59. Calculate v(5).
9
Let q(o) = -o**3 - 4*o**2 + 4*o. What is q(-5)?
5
Let y(j) = 5*j - 1. Give y(-1).
-6
Let c(g) = g**2 + 4*g - 7. What is c(3)?
14
Let a(i) = -i**2 + i - 5. Give a(-5).
-35
Let b(c) = -c**2 + 10*c - 11. Give b(6).
13
Let j(a) = 5*a**2 - 2*a - 8. Determine j(-2).
16
Let d(h) = -h**3 - 3*h**2 + h. Determine d(-2).
-6
Let g(f) = -f**3 + 6*f**2 + 5. What is g(6)?
5
Let j(a) = 10*a + 152. What is j(-15)?
2
Let t(x) = 13*x + 2. Determine t(0).
2
Let m(u) = -u**3 + 6*u**2 + 15*u + 6. Determine m(8).
-2
Let d(p) = -4*p - 20. Determine d(-8).
12
Let b(o) = o**2 + 14*o + 8. Give b(-12).
-16
Let k(j) = -4*j**2 - 36*j + 92. Calculate k(-11).
4
Let a(r) = -r**3 - 14*r**2 + r + 5. Give a(-4).
-159
Let d(c) = -c**2 - 8*c - 3. What is d(-3)?
12
Let u(k) = -18*k**3 - 6*k**2 + 8*k - 2. Calculate u(1).
-18
Let w(i) = -2*i**2 - 2*i + 3. Calculate w(-2).
-1
Let d(h) = h**2 - 7*h + 17. Give d(5).
7
Let i(l) = -l**2 - 46*l - 193. Determine i(-5).
12
Let p(z) = 37*z + 763. Calculate p(-21).
-14
Let y(u) = 8*u + 22. Determine y(-5).
-18
Let v(h) = -h**2 - h + 4. Calculate v(0).
4
Let d(z) = 4*z + 156. What is d(-24)?
60
Let n(h) = h**2 + 20*h - 112. Calculate n(4).
-16
Let n(t) = 5*t + 83. Determine n(-11).
28
Let b(t) = t**3 - 6*t**2 + 2*t - 7. Determine b(5).
-22
Let q(z) = 9*z + 4. Calculate q(-6).
-50
Let d(n) = 6*n**3 + n**2 + 3*n + 2. Give d(-1).
-6
Let w(z) = -4*z + 1. Determine w(-5).
21
Let w(g) = 2*g + 4. Determine w(-6).
-8
Let y(q) = q**2 + 6*q - 20. Determine y(-10).
20
Let u(f) = 3*f**2 - 2*f - 7. What is u(3)?
14
Let u(t) = -16*t + 3. Calculate u(-2).
35
Let u(n) = 3*n + 1. Determine u(-6).
-17
Let c(q) = -q**2 - 5*q + 11. Calculate c(-5).
11
Let g(y) = y**3 - 13*y**2 - 7*y - 6. Determine g(13).
-97
Let l(h) = 2*h**3 + h**2 + h + 4. Determine l(-3).
-44
Let d(t) = -7*t - 8. What is d(-2)?
6
Let d(z) = z**3 + 4*z**2 + z - 1. Determine d(-3).
5
Let p(r) = 2*r**2 + 28*r - 1. Give p(-14).
-1
Let f(u) = 5*u**2 - 24*u + 11. What is f(4)?
-5
Let k(t) = -t - 32. Give k(-17).
-15
Let c(f) = f - 5. Calculate c(-3).
-8
Let b(o) = -17*o - 1. Give b(1).
-18
Let f(r) = -13*r**2 + r. Determine f(-2).
-54
Let o(k) = k**2 + 11*k + 19. Give o(-8).
-5
Let v(q) = 15*q + 1. Give v(1).
16
Let j(l) = -l**3 + 12*l**2 - 33*l + 1. What is j(4)?
-3
Let s(x) = -x**2 + 11*x - 12. Give s(9).
6
Let x(j) = j + 2. What is x(1)?
3
Let d(x) = -14*x + 147. Determine d(11).
-7
Let f(i) = 6*i**2 + 215*i - 31. Determine f(-36).
5
Let u(i) = 3*i**2 - 11*i + 6. Calculate u(5).
26
Let b(l) = -l**3 - 6*l**2 - 3*l + 7. What is b(-5)?
-3
Let n(q) = q**2 + 2*q + 1. What is n(-2)?
1
Let o(c) = -c**3 - 8*c**2 - 6*c + 2. Determine o(-7).
-5
Let i(y) = 2*y**3 + 10*y**2 + y - 6. What is i(-5)?
-11
Let o(t) = t**3 - 13*t**2 - 13*t - 10. Calculate o(14).
4
Let g(w) = 2*w**3 - 4*w**2 - 4*w - 3. Give g(-2).
-27
Let m(z) = z**3 + 11*z**2 - 5*z - 2. What is m(-11)?
53
Let k(s) = s**3 - 22*s**2 - 23*s - 1. Determine k(23).
-1
Let n(g) = g**3 - 17*g**2 + 30*g + 20. Calculate n(15).
20
Let j(n) = n**3 - 7*n**2 - 5*n - 4. Determine j(8).
20
Let s(x) = x + 3. Determine s(9).
12
Let g(k) = -k**3 - 20*k**2 - 10*k + 174. Give g(-19).
3
Let h(n) = 80*n**3 - 3*n**2 + n + 1. What is h(1)?
79
Let b(a) = -a**3 - 3*a**2 + 3*a - 1. Determine b(2).
-15
Let g(b) = -b**3 - 24*b**2 + 3*b - 9. What is g(-24)?
-81
Let z(x) = x**3 + 7*x**2 - x - 6. Determine z(-6).
36
Let h(g) = 60*g - 24. What is h(-1)?
-84
Let g(y) = y**3 - 5*y**2 - 2*y + 2. Give g(-2).
-22
Let b(u) = u**2 - 14*u + 41. Determine b(7).
-8
Let h(r) = 22*r + 23. Determine h(-1).
1
Let s(i) = i**2 + i - 4. Calculate s(-6).
26
Let k(v) = 2*v**2 + 5*v - 5. Give k(4).
47
Let r(j) = 2*j**3 + 17*j**2 - 16*j + 7. Calculate r(-9).
70
Let f(t) = 4*t - 97. Determine f(29).
19
Let n(d) = -d**2 + 5*d - 14. Determine n(6).
-20
Let y(c) = c + 5. What is y(-8)?
-3
Let h(v) = -v**2 - 8*v + 5. What is h(-7)?
12
Let y(n) = n**3 - 15*n**2 - 15*n - 17. Calculate y(16).
-1
Let l(r) = -r**2 + 7*r + 90. Give l(-6).
12
Let v(p) = p**2 - 10*p - 18. Determine v(10).
-18
Let m(d) = -d**3 - 10*d**2 + 13*d + 20. Determine m(-11).
-2
Let a(c) = 18*c - 12. Give a(3).
42
Let d(l) = 10*l - 4. Calculate d(-5).
-54
Let g(f) = -f**2 - 22*f - 30. Give g(-20).
10
Let f(l) = -7*l - 16. Give f(-13).
75
Let k(c) = -7*c + 29. Determine k(5).
-6
Let n(t) = 15*t - 4. Give n(-2).
-34
Let n(w) = 2*w**3 - w**2 + 8*w - 18. Determine n(2).
10
Let y(i) = -2*i**3 - 2*i**2 + 2. Calculate y(2).
-22
Let h(l) = l**3 - 20*l**2 - 48*l - 7. Determine h(-2).
1
Let j(q) = q**3 + 12*q**2 + 13*q - 4. Give j(-11).
-26
Let j(d) = -d**2 + 12*d - 15. Determine j(11).
-4
Let j(l) = -l**3 - 2*l**2 - 5*l - 9. Determine j(-4).
43
Let r(p) = -8*p**2 - p - 1. Calculate r(-1).
-8
Let a(k) = -k**3 + 2*k**2 - 5*k + 11. Calculate a(3).
-13
Let m(t) = 3*t. Give m(-15).
-45
Let h(o) = -o**2 - 4*o + 9. Determine h(-6).
-3
Let w(l) = -13*l**3 + 2*l**2 - 1. Calculate w(-1).
14
Let r(j) = -j**3 + 65*j**2 - 300*j + 8. Determine r(60).
8
Let h(f) = -3*f**2 - 24*f - 6. What is h(-8)?
-6
Let d(u) = -u**2 + 40*u - 208. Calculate d(6).
-4
Let g(x) = x + 29. Calculate g(-11).
18
Let t(x) = -3*x + 11. Determine t(2).
5
Let b(p) = 17*p - 213. What is b(12)?
-9
Let g(w) = 2*w**2 + 7*w + 3. Determine g(-5).
18
Let k(f) = f - 1. Determine k(0).
-1
Let u(n) = -n**3 + 40*n**2 + 82*n + 82. Determine u(42).
-2
Let f(a) = 2*a - 46. Determine f(18).
-10
Let n(i) = 11*i**2 + i - 2. Determine n(1).
10
Let g(a) = -2*a**3 - 159*a**2 - 75*a + 312. Calculate g(-79).
-4
Let t(x) = -2*x - 8. Calculate t(-4).
0
Let s(w) = -16*w**3 + w**2. Calculate s(-1).
17
Let m(s) = -s**2 + 4*s - 26. Determine m(0).
-26
Let c(p) = -p**2 - 3*p + 11. Determine c(-4).
7
Let k(d) = -6*d**2 + 2*d - 1. Give k(3).
-49
Let y(f) = 2*f**3 - 13*f**2 + 14*f - 55. Calculate y(6).
-7
Let a(v) = 4*v - 1. Determine a(-1).
-5
Let q(x) = x**3 + 11*x**2 + 10*x - 11. Calculate q(-10).
-11
Let q(n) = -16*n**3 - 2*n**2 + n + 1. What is q(-1)?
14
Let t(l) = -99*l + 497. What is t(5)?
2
Let t(u) = 18*u + 14. Calculate t(-3).
-40
Let c(b) = b**3 + 10*b**2 - 4*b - 43. Determine c(-10).
-3
Let l(q) = -9*q - 2. Give l(5).
-47
Let s(m) = 6*m + 88. What is s(-15)?
-2
Let c(g) = g**3 - 8*g**2 - 12*g - 21. What is c(10)?
59
Let n(k) = -k**2 + 10*k - 7. What is n(8)?
9
Let t(z) = z**2 + 13*z + 5. Calculate t(-5).
-35
Let h(z) = 13*z - 32. Calculate h(9).
85
Let d(y) = y**3 + 11*y**2 + 8*y + 12. Calculate d(-10).
32
Let p(z) = -z**3 - 5*z**2 + 3*z + 14. Give p(-7).
91
Let a(b) = 5*b**2 + 2*b + 2. What is a(-2)?
18
Let u(c) = -12*c + 110. What is u(11)?
-22
Let c(w) = -4*w + 16. Determine c(7).
-12
Let f(p) = -6*p - 2. Give f(1).
-8
Let f(g) = g**3 - 4*g**2 - 3*g + 2. What is f(4)?
-10
Let l(f) = f**3 + 7*f**2 + 7*f - 22. What is l(-5)?
-7
Let g(m) = 5*m - 2. Give g(-2).
-12
Let h(w) = w - 24. What is h(12)?
-12
Let m(c) = -72*c + 64. Calculate m(1).
-8
Let l(d) = -2*d**3 + 14*d**2 - 8*d + 1. Give l(6).
25
Let g(j) = -10*j - 15. Determine g(-5).
35
Let u(c) = -c - 4. Give u(3).
-7
Let h(x) = -3*x**2 + 3*x - 2. Calculate h(3).
-20
Let m(l) = -4*l**2 - 10*l - 1. Give m(-3).
-7
Let r(b) = -b**3 + 3*b**2 + 4*b + 26. Determine r(5).
-4
Let o(s) = -s**2 + 13*s + 29. Calculate o(12).
41
Let n(j) = -j**2 - 13*j - 20. Give n(-9).
16
Let n(u) = 15*u + 64. What is n(-6)?
-26
Let d(m) = -2*m**2 - 7*m + 5. What is d(-6)?
-25
Let c(i) = -2*i**2 - 58*i - 56. What is c(-28)?
0
Let d(w) = -w + 1. Give d(7).
-6
Let u(m) = 6*m + 8. Give u(17).
110
Let p(c) = -c**3 + 18*c**2 + 37*c + 49. Give p(20).
-11
Let m(i) = 3*i + 19. Calculate m(-8).
-5
Let h(z) = -12*z**3 - z. What is h(-1)?
13
Let b(k) = 2*k**2 - 1. Calculate b(-1).
1
Let d(v) = 3*v**2 - 17*v - 28. What is d(7)?
0
Let p(m) = m**3 - m**2 - 3*m - 2. What is p(3)?
7
Let p(f) = -f**2 + f + 11. Give p(5).
-9
Let x(l) = l**3 - 8*l**2 - 5*l - 10. Determine x(9).
26
Let w(c) = -c**3 - 5*c**2 - 3*c. Calculate w(-3).
-9
Let v(c) = -c**3 - 14*c**2 + 3*c + 10. Give v(-14).
-32
Let l(b) = 3*b**2 + 72*b + 59. Calculate l(-23).
-10
Let i(s) = -3*s**3 - 22*s**2 + 17*s. What is i(-8)?
-8
Let b(v) = 16*v - 4. Calculate b(3).
44
Let o(d) = 8*d + 32. Dete